{"id":2,"date":"2013-04-23T19:34:03","date_gmt":"2013-04-23T19:34:03","guid":{"rendered":"http:\/\/www.enlentes.com\/enlentes\/?page_id=2"},"modified":"2013-08-20T23:05:05","modified_gmt":"2013-08-20T23:05:05","slug":"pagina-ejemplo","status":"publish","type":"page","link":"http:\/\/www.enlentes.com\/enlentes\/?page_id=2","title":{"rendered":"Sobre Nosotros"},"content":{"rendered":"<p>Enlentes es una compa\u00f1\u00eda de fotograf\u00eda creativa e innovadora establecida en Puerto Rico. \u00a0 MELVIN V\u00c1ZQUEZ CANCEL posee m\u00e1s de diez a\u00f1os de experiencia en fotograf\u00eda profesional y una base s\u00f3lida en dise\u00f1o gr\u00e1fico. Su estilo foto-period\u00edstico le distingue y permite que cada fotograf\u00eda te haga revivir el momento tal y como acontenci\u00f3, \u00a0con un toque \u00fanico y art\u00edstico.<\/p>\n<p>Tambi\u00e9n ofrecemos servicios de v\u00eddeo profesional para eventos como bodas, v\u00eddeos musicales y comerciales. \u00a0Melvin V\u00e1zquez Cancel posee experiencia en direcci\u00f3n y producci\u00f3n cinematogr\u00e1fica. \u00a0Fue ganador del \u00abBest Day Time Short\u00bb en el Rinc\u00f3n International Film Fest 2013 con el cortometraje Vendas.<\/p>\n<p>\u00a1Conf\u00eda tu evento en nuestros servicios y perm\u00edtenos ser parte de tu historia!<\/p>\n<p>&nbsp;<\/p>\n<p>&nbsp;<\/p>\n<p>Enlentes is a creative and innovative photography company established in Puerto Rico. \u00a0MELVIN V\u00c1ZQUEZ CANCEL has over ten years of\u00a0professional\u00a0photography\u00a0experience in and\u00a0a solid foundation\u00a0in graphic design. \u00a0His photo-journalistic style distinguishes each photograph and allows you do to relive the moment as befell, with unique and artistic touch.<\/p>\n<p>We also offer professional video services for events such as weddings, music videos and commercials. \u00a0MELVIN V\u00c1ZQUEZ CANCEL\u00a0\u00a0has experience in direction and film production. He won the \u00abBest Day Time Short\u00bb at the Rincon International Film Fest 2013 with the short film Vendas.<\/p>\n<p>&nbsp;<\/p>\n<p>Trust your event in our services and let us be part of your story!<\/p>\n","protected":false},"excerpt":{"rendered":"<p>Enlentes es una compa\u00f1\u00eda de fotograf\u00eda creativa e innovadora establecida en Puerto Rico. \u00a0 MELVIN V\u00c1ZQUEZ CANCEL posee m\u00e1s de diez a\u00f1os de experiencia en fotograf\u00eda profesional y una base s\u00f3lida en dise\u00f1o gr\u00e1fico. Su estilo foto-period\u00edstico le distingue y permite que cada fotograf\u00eda te haga revivir el momento tal y como acontenci\u00f3, \u00a0con un [&hellip;]<\/p>\n","protected":false},"author":1,"featured_media":0,"parent":0,"menu_order":0,"comment_status":"open","ping_status":"open","template":"","meta":{"footnotes":""},"class_list":["post-2","page","type-page","status-publish","hentry"],"_links":{"self":[{"href":"http:\/\/www.enlentes.com\/enlentes\/index.php?rest_route=\/wp\/v2\/pages\/2","targetHints":{"allow":["GET"]}}],"collection":[{"href":"http:\/\/www.enlentes.com\/enlentes\/index.php?rest_route=\/wp\/v2\/pages"}],"about":[{"href":"http:\/\/www.enlentes.com\/enlentes\/index.php?rest_route=\/wp\/v2\/types\/page"}],"author":[{"embeddable":true,"href":"http:\/\/www.enlentes.com\/enlentes\/index.php?rest_route=\/wp\/v2\/users\/1"}],"replies":[{"embeddable":true,"href":"http:\/\/www.enlentes.com\/enlentes\/index.php?rest_route=%2Fwp%2Fv2%2Fcomments&post=2"}],"version-history":[{"count":3,"href":"http:\/\/www.enlentes.com\/enlentes\/index.php?rest_route=\/wp\/v2\/pages\/2\/revisions"}],"predecessor-version":[{"id":81,"href":"http:\/\/www.enlentes.com\/enlentes\/index.php?rest_route=\/wp\/v2\/pages\/2\/revisions\/81"}],"wp:attachment":[{"href":"http:\/\/www.enlentes.com\/enlentes\/index.php?rest_route=%2Fwp%2Fv2%2Fmedia&parent=2"}],"curies":[{"name":"wp","href":"https:\/\/api.w.org\/{rel}","templated":true}]}}